 what is 311211010 - 2?
311211003
In base 3, what is -12201 + 120100110211?
120100021010
In base 8, what is 3224 - -175364?
200610
In base 15, what is -4 + 27b47c?
27b478
In base 9, what is -343365088 + -2?
-343365101
In base 10, what is 1 + 144059?
144060
In base 16, what is 5a80cb - 2?
5a80c9
In base 16, what is 24e9a + d8?
24f72
In base 16, what is 5 - dc8037?
-dc8032
In base 13, what is -5090 + 73?
-501a
In base 15, what is -2b192d + -2?
-2b1930
In base 6, what is 445401504 + 15?
445401523
In base 2, what is 1000000 + -11010011100010000?
-11010011011010000
In base 4, what is 2031 + -20222110?
-20220013
In base 14, what is 7 - -8543b9c?
8543ba5
In base 9, what is 26135140 + 3?
26135143
In base 3, what is 11111022 - 11220201?
-102102
In base 16, what is 3b - -70792?
707cd
In base 8, what is -6036657 - 4?
-6036663
In base 3, what is -111111221112 + -2002?
-111112000121
In base 6, what is 102105 - 10311?
51354
In base 6, what is 504031 - 13033?
450554
In base 16, what is 9 - 587ca?
-587c1
In base 3, what is -202002122221101010 - 2?
-202002122221101012
In base 12, what is 4a420 - -138?
4a558
In base 11, what is -2557 - -3973?
1417
In base 10, what is 10136009 - -14?
10136023
In base 8, what is -2035 + -173175?
-175232
In base 12, what is -348b9 - -5b?
-3485a
In base 11, what is -1079a3 + -1042?
-108a35
In base 8, what is 75606 - 1551?
74035
In base 8, what is 7701 - -1000500?
1010401
In base 14, what is b3 - 104b5?
-10402
In base 14, what is 71346 + -1?
71345
In base 12, what is -1 + 2176b101?
2176b100
In base 15, what is -10e + -892ca?
-893d9
In base 5, what is 30001342 - 3203?
24443134
In base 3, what is -201021101200 + 100211?
-201021000212
In base 11, what is 2 + 182a035?
182a037
In base 6, what is 425 - -2320254?
2321123
In base 14, what is 4a79c6 - 0?
4a79c6
In base 16, what is 112b92 + -28?
112b6a
In base 14, what is -1b7d7 + 34?
-1b7a3
In base 10, what is -19380 + 15252?
-4128
In base 3, what is -2 + 10220120212122?
10220120212120
In base 6, what is -313535335 - 30?
-313535405
In base 6, what is 154554 + -5343?
145211
In base 7, what is 36262 - -6646?
46241
In base 6, what is 213 + -312510455?
-312510242
In base 2, what is -101010000101111 + -100010011000?
-101110011000111
In base 14, what is 7 + -1b7c938?
-1b7c931
In base 9, what is 26 + -237562?
-237535
In base 6, what is -2204522 - 5153?
-2214115
In base 9, what is -5 - -6313076?
6313071
In base 14, what is -5439213a + 4?
-54392136
In base 5, what is -3 + -4410313343?
-4410313401
In base 13, what is 22cb48 + 3?
22cb4b
In base 2, what is -1011111 + 1010110010101001?
1010110001001010
In base 15, what is 1987d10 - 4?
1987d0b
In base 13, what is -4 - -1086b99?
1086b95
In base 9, what is 43215122 - 6?
43215115
In base 2, what is -10111010100111000010100 - 11111?
-10111010100111000110011
In base 3, what is 11112200 + 1102120?
12222020
In base 16, what is 21ff - 4e8?
1d17
In base 15, what is -18ec13 - -175?
-18ea8d
In base 13, what is a - 372bb78?
-372bb6b
In base 4, what is 1030301 - -1103?
1032010
In base 2, what is -1001001100110 - -11100010?
-1000110000100
In base 7, what is -332411106 + -21?
-332411130
In base 13, what is 1710808 + -1c?
17107b9
In base 4, what is -102 + -10313002133311?
-10313002200013
In base 9, what is -2735 + -1127411?
-1131246
In base 16, what is 3 + 8d11e5?
8d11e8
In base 16, what is 17a + -43dce?
-43c54
In base 15, what is 26b63 - 5?
26b5d
In base 15, what is -a3 - e23b?
-e2de
In base 14, what is a3a7 - 1c4?
a1c3
In base 14, what is -1c8d + -872b?
-a5ba
In base 15, what is -9835d00a + 3?
-9835d007
In base 15, what is -15d534eb - 4?
-15d53500
In base 8, what is -52042354 - 15?
-52042371
In base 10, what is 4 - -5233214?
5233218
In base 16, what is 686b1 - 92?
6861f
In base 12, what is -4 + -5356391?
-5356395
In base 10, what is -6 - 210637977?
-210637983
In base 2, what is 11011110 + 110001110010010?
110010001110000
In base 11, what is -2846366 - 2?
-2846368
In base 16, what is 13 - 12c0fe?
-12c0eb
In base 6, what is -1 - -13552013?
13552012
In base 9, what is 24683 + -3277?
21405
In base 6, what is 3452340 - -2?
3452342
In base 12, what is 3a56790 + -3?
3a56789
In base 10, what is 151991013 + 2?
151991015
In base 13, what is 640685 - 28?
64065a
In base 16, what is 1abda - e5?
1aaf5
In base 14, what is -2a708bd + -5?
-2a708c4
In base 14, what is -1a4 - 873c9?
-8758d
In base 11, what is 18433 - -78?
18500
In base 4, what is 3022123 + 10030223?
13113012
In base 3, what is 20020002110001 - 0?
20020002110001
In base 16, what is -1fa2 + 1c25?
-37d
In base 12, what is 1498 - 551a4?
-53908
In base 2, what is 1000000001110 + 10100010000?
1010100011110
In base 7, what is 151235 + -2615?
145320
In base 9, what is -31338 - -441?
-30787
In base 10, what is -4148 - 509?
-4657
In base 6, what is -255 - 141244510?
-141245205
In base 6, what is -4331 - -203314?
154543
In base 10, what is 4 + 95785435?
95785439
In base 7, what is -446122 + -10515?
-456640
In base 2, what is 1000 + -100111001000010101100100?
-100111001000010101011100
In base 14, what is -cb - 56111?
-561dc
In base 10, what is 1193 + 3710?
4903
In base 16, what is -8a + -5f710?
-5f79a
In base 15, what is -a255 + -a7?
-a30c
In base 11, what is -64 - 370898?
-370951
In base 9, what is -1508718 - -2531?
-1506177
In base 11, what is 4 + 37962227?
37962230
In base 4, what is -3 + 2003211301220?
2003211301211
In base 12, what is 6899aa - 8?
6899a2
In base 16, what is -275bee56 - 2?
-275bee58
In base 15, what is 726e5 - 7?
726dd
In base 2, what is -110010010111 + 1010000001010100?
1001001110111101
In base 16, what is -6 - -b9087?
b9081
In base 16, what is 3c6a2 + 94?
3c736
In base 15, what is 8c + 8e6?
983
In base 16, what is 1a + -140c326?
-140c30c
In base 8, what is 45345517 - 10?
45345507
In base 14, what is 23339d + -3?
23339a
In base 11, what is 3 + 403449a0?
403449a3
In base 2, what is -1001011 + 10010100100011100?
10010100011010001
In base 5, what is -2212233 - -13024?
-2144204
In base 3, what is -122012 + -101012200?
-101211212
In base 3, what is 102211211 + -1011202?
101200002
In base 3, what is -2202102110 - -1102?
-2202101001
In base 9, what is -364460 + -22?
-364482
In base 14, what is -5 - 6dd48c?
-6dd493
In base 11, what is -7a2418 - -287?
-7a2141
In base 3, what is -22220022210100 + 11?
-22220022210012
In base 12, what is 235 - -b7821?
b7a56
In base 3, what is -20022100211 - 2221120?
-20102022101
In base 11, what is -1763466 + 4?
-1763462
In base 15, what is -1a73 - 6ad0?
-8653
In base 5, what is 20 - 30204440?
-30204420
In base 7, what is 164614 + 444?
165361
In base 16, what is -4 + 1614af2?
1614aee
In base 13, what is 4c38c5 + -67?
4c385b
In base 10, what is -444322 + 30?
-444292
In base 2, what is -10001010001011101100110 - -11?
-10001010001011101100011
In base 2, what is 11000110100100101 - -10100011?
11000110111001000
In base 12, what is -3 - -18112392?
1811238b
In base 5, what is -3232124 + -223221?
-4010400
In base 16, what is c5 - 1b1ef?
-1b12a
In base 10, what is 5414 - 1639?
3775
In base 13, what is -34243ab - 2?
-34243b0
In base 3, what is 200000210110 + -21211?
200000111122
In base 8, what is -572143 + 675?
-571246
In base 16, what is 1110d0f - 6?
1110d09
In base 13, what is -2 + -1791acc?
-1791b01
In base 6, what is 1 + -3342452550?
-3342452545
In base 11, what is -156 - -121518?
121372
In base 5, what is 412013 + 10431?
422444
In base 14, what is 1 + -16ac3a0?
-16ac39d
In base 3, what is -10 - 102220211100110?
-102220211100120
In base 4, what is -3032312 - -11001?
-3021311
In base 8, what is 33455523 + 4?
33455527
In base 11, what is 25 - -321718?
321742
In base 13, what is -1140 - -5b41?
4a01
In base 9, what is 82473 - -243?
82726
In base 10, what is -181 - 1970737?
-1970918
In base 11, what is 7 - 1658760?
-1658754
In base 12, what is 835463 - -266?
835709
In base 8, what is -37650 - -3174?
-34454
In base 10, what is 25064555 - 9?
25064546
In base 11, what is 2359 + -6095?
-3837
In base 4, what is -123020013231300 + 3?
-123020013231231
In base 16, what is 3c38c + 102?
3c48e
In base 13, what is 10 + -4b345?
-4b335
In base 6, what is -5543 + 5544224?
5534241
In base 6, what is 134 + 545550?
550124
In base 3, what is 200120212201 - 101020?
200120111111
In base 6, what is -351345233 - -2?
-